{"id":252,"date":"2015-02-25T09:30:14","date_gmt":"2015-02-25T08:30:14","guid":{"rendered":"http:\/\/maennep.web.fh-koeln.de\/?page_id=252"},"modified":"2015-09-14T18:18:20","modified_gmt":"2015-09-14T16:18:20","slug":"publikationen","status":"publish","type":"page","link":"http:\/\/maennep.web.th-koeln.de\/?page_id=252","title":{"rendered":"Publikationen"},"content":{"rendered":"<h3><span style=\"color: #008000;\">ESPAnet Tagung in D\u00e4nemark im September 2015<br \/>\n<\/span><\/h3>\n<p>Im Rahmen der 13. ESPAnet Tagung in Odense (D\u00e4nemark) vom <strong>03. bis zum 05. September 2015<\/strong> wurden zwei Paper ver\u00f6ffentlicht:<\/p>\n<p>(1) &#8222;Reconciling employment and elderly care within the \u00b4adult worker model\u00b4: typical arrangements of caring sons&#8220; (Themengebiet &#8222;Comparative research about care policies, gender and work-family relationships \u2013 theoretical approaches, concepts and typologies&#8220;). Die PDF-Datei hierzu finden Sie hier: <a href=\"http:\/\/maennep.web.fh-koeln.de\/wp-content\/uploads\/2015\/02\/Paper-ESPAnet-9_2015-Odense-Caring-Sons_Auth-et-al-final.pdf\">Reconciling empolyment, Auth et al.<\/a><\/p>\n<p>(2) &#8222;Occupational Social Policy in the Field of Reconciling Employment and Elderly Care: Sons caring for parents&#8220; (Themengebiet &#8222;Occupational Welfare in Europe\u201d). Die PDF-Datei hierzu k\u00f6nnen Sie unter folgendem Link herunterladen: <a href=\"http:\/\/maennep.web.fh-koeln.de\/wp-content\/uploads\/2015\/02\/Paper-EspaNET-Odense-9_2015-Auth-et-al-final.pdf\">Occuspational Social Policy, Auth et al.<\/a><\/p>\n<h3><\/h3>\n<h3><\/h3>\n<p>&nbsp;<\/p>\n<h3><span style=\"color: #008000;\">Abschlussbericht des M\u00c4NNEP-Projekts<\/span><\/h3>\n<p><a href=\"http:\/\/maennep.web.fh-koeln.de\/wp-content\/uploads\/2015\/02\/Abschlussbericht-S.-1.png\"><img loading=\"lazy\" decoding=\"async\" class=\" wp-image-308 alignleft\" src=\"http:\/\/maennep.web.fh-koeln.de\/wp-content\/uploads\/2015\/02\/Abschlussbericht-S.-1-237x300.png\" alt=\"Abschlussbericht S. 1\" width=\"256\" height=\"324\" srcset=\"http:\/\/maennep.web.th-koeln.de\/wp-content\/uploads\/2015\/02\/Abschlussbericht-S.-1-237x300.png 237w, http:\/\/maennep.web.th-koeln.de\/wp-content\/uploads\/2015\/02\/Abschlussbericht-S.-1.png 407w\" sizes=\"auto, (max-width: 256px) 100vw, 256px\" \/><\/a>Der Abschlussbericht des Projekts \u201eM\u00e4nner zwischen Erwerbst\u00e4tigkeit und Pflege\u201c ist unter dem Titel &#8222;Wenn Mitarbeiter Angeh\u00f6rige pflegen: Betriebliche Wege zum Erfolg&#8220; erschienen.<br \/>\nDie genaue Vorgehensweise, einzelne Beschreibungen der untersuchten Betriebe und die jeweiligen Ergebnisse werden hier pr\u00e4sentiert.<br \/>\nEin Zugriff auf den Bericht ist unter folgenden Link m\u00f6glich: <a href=\"http:\/\/www.boeckler.de\/11145.htm?projekt=2012-611-4\">http:\/\/www.boeckler.de\/11145.htm?projekt=2012-611-4<\/a>.<\/p>\n<p>Die PDF-Datei ist auch abzurufen unter: <a href=\"http:\/\/www.boeckler.de\/pdf_fof\/S-2012-611-4-2.pdf\">http:\/\/www.boeckler.de\/pdf_fof\/S-2012-611-4-2.pdf<\/a>.<\/p>\n<h3><\/h3>\n<h3><\/h3>\n<p>&nbsp;<\/p>\n<h3><span style=\"color: #008000;\"><strong>Artikel in der Zeitschrift \u201eGENDER\u201c erschienen<br \/>\n<\/strong><\/span><\/h3>\n<p>Der Artikel von Prof. Dr. Sigrid Leitner und Marina Vukoman wurde in der Zeitschrift \u201eGENDER: Zeitschrift f\u00fcr Geschlecht, Kultur und Gesellschaft\u201c (Jg. 7, Nr. 1, 2015) unter dem Titel \u201eZeit, Geld, Infrastruktur? Vereinbarkeitspolitik f\u00fcr pflegende Angeh\u00f6rige\u201c ver\u00f6ffentlicht.<br \/>\nDer Artikel besch\u00e4ftigt sich mit der Geschlechtergleichstellung im Hinblick auf die angemessene Versorgung von pflegebed\u00fcrftigen Personen. Im Rahmen dessen wird analysiert, welche Angebote existieren, die Vereinbarkeit von Pflege und Beruf zu f\u00f6rdern und auch, welche Rolle sowohl der betrieblichen als auch staatlichen Sozialpolitik zukommt.<\/p>\n<p>Die Zeitschrift ist im Handel erh\u00e4ltlich unter: <a href=\"http:\/\/www.budrich-journals.de\/index.php\/gender\/article\/view\/18159\">http:\/\/www.budrich-journals.de\/index.php\/gender\/article\/view\/18159<\/a><\/p>\n<p>&nbsp;<\/p>\n<h3><span style=\"color: #008000;\">Aufsatz &#8222;S\u00f6hne in der Angeh\u00f6rigenpflege \u2013 Charakteristika, Ressourcen und Unterst\u00fctzungsbedarfe im betrieblichen Kontext&#8220; in &#8222;Die Arbeit des Alltags&#8220; erschienen<br \/>\n<\/span><\/h3>\n<p>Prof. Dr. Diana Auth und Mirjam Dierkes ver\u00f6ffentlichen erste Ergebnisse aus dem M\u00c4NNEP-Projekt im Sammelwerk \u201eDie Arbeit des Alltags\u201c (Hrsg. Uta Meier-Gr\u00e4we, 2015).<br \/>\nIm Rahmen des Aufsatzes werden neben Zahlen zu dem Thema h\u00e4uslicher Pflege auch der aktuelle Forschungsstand\u00a0 \u00fcber die Vereinbarkeit von Beruf und Pflege sowie \u00fcber pflegende M\u00e4nner vorgestellt.<br \/>\nIm Weiteren werden erste Ergebnisse anhand einer Gegen\u00fcberstellung von zwei ausgew\u00e4hlten Betrieben pr\u00e4sentiert, um daraufhin die Betriebe und die pflegenden S\u00f6hne in den jeweiligen Arrangements zu vergleichen. Abschlie\u00dfend werden betriebliche und politische Unterst\u00fctzungsbedarfe f\u00fcr erwerbst\u00e4tige und pflegende S\u00f6hne auf der Basis der Ergebnisse des Projekts und der vorliegenden Forschung formuliert.<br \/>\nDas Buch ist bereits im Handel unter dem Link <a href=\"http:\/\/www.springer.com\/springer+vs\/soziologie\/gender+studies\/book\/978-3-658-07375-6\">http:\/\/www.springer.com\/springer+vs\/soziologie\/gender+studies\/book\/978-3-658-07375-6<\/a> erh\u00e4ltlich.<\/p>\n","protected":false},"excerpt":{"rendered":"<p>ESPAnet Tagung in D\u00e4nemark im September 2015 Im Rahmen der 13. ESPAnet Tagung in Odense (D\u00e4nemark) vom 03. bis zum 05. September 2015 wurden zwei Paper ver\u00f6ffentlicht: (1) &#8222;Reconciling employment and elderly care within the \u00b4adult worker model\u00b4: typical arrangements of caring sons&#8220; (Themengebiet &#8222;Comparative research about care policies, gender and work-family relationships \u2013 theoretical [&hellip;]<\/p>\n","protected":false},"author":3,"featured_media":0,"parent":0,"menu_order":50,"comment_status":"closed","ping_status":"closed","template":"","meta":{"footnotes":""},"class_list":["post-252","page","type-page","status-publish","hentry"],"_links":{"self":[{"href":"http:\/\/maennep.web.th-koeln.de\/index.php?rest_route=\/wp\/v2\/pages\/252","targetHints":{"allow":["GET"]}}],"collection":[{"href":"http:\/\/maennep.web.th-koeln.de\/index.php?rest_route=\/wp\/v2\/pages"}],"about":[{"href":"http:\/\/maennep.web.th-koeln.de\/index.php?rest_route=\/wp\/v2\/types\/page"}],"author":[{"embeddable":true,"href":"http:\/\/maennep.web.th-koeln.de\/index.php?rest_route=\/wp\/v2\/users\/3"}],"replies":[{"embeddable":true,"href":"http:\/\/maennep.web.th-koeln.de\/index.php?rest_route=%2Fwp%2Fv2%2Fcomments&post=252"}],"version-history":[{"count":14,"href":"http:\/\/maennep.web.th-koeln.de\/index.php?rest_route=\/wp\/v2\/pages\/252\/revisions"}],"predecessor-version":[{"id":369,"href":"http:\/\/maennep.web.th-koeln.de\/index.php?rest_route=\/wp\/v2\/pages\/252\/revisions\/369"}],"wp:attachment":[{"href":"http:\/\/maennep.web.th-koeln.de\/index.php?rest_route=%2Fwp%2Fv2%2Fmedia&parent=252"}],"curies":[{"name":"wp","href":"https:\/\/api.w.org\/{rel}","templated":true}]}}

<h3><span style="color: #008000;">ESPAnet Tagung in Dänemark im September 2015<br />
</span></h3>
<p>Im Rahmen der 13. ESPAnet Tagung in Odense (Dänemark) vom <strong>03. bis zum 05. September 2015</strong> wurden zwei Paper veröffentlicht:</p>
<p>(1) &#8222;Reconciling employment and elderly care within the ´adult worker model´: typical arrangements of caring sons&#8220; (Themengebiet &#8222;Comparative research about care policies, gender and work-family relationships – theoretical approaches, concepts and typologies&#8220;). Die PDF-Datei hierzu finden Sie hier: <a href="http://maennep.web.fh-koeln.de/wp-content/uploads/2015/02/Paper-ESPAnet-9_2015-Odense-Caring-Sons_Auth-et-al-final.pdf">Reconciling empolyment, Auth et al.</a></p>
<p>(2) &#8222;Occupational Social Policy in the Field of Reconciling Employment and Elderly Care: Sons caring for parents&#8220; (Themengebiet &#8222;Occupational Welfare in Europe”). Die PDF-Datei hierzu können Sie unter folgendem Link herunterladen: <a href="http://maennep.web.fh-koeln.de/wp-content/uploads/2015/02/Paper-EspaNET-Odense-9_2015-Auth-et-al-final.pdf">Occuspational Social Policy, Auth et al.</a></p>
<h3></h3>
<h3></h3>
<p>&nbsp;</p>
<h3><span style="color: #008000;">Abschlussbericht des MÄNNEP-Projekts</span></h3>
<p><a href="http://maennep.web.fh-koeln.de/wp-content/uploads/2015/02/Abschlussbericht-S.-1.png"><img loading="lazy" decoding="async" class=" wp-image-308 alignleft" src="http://maennep.web.fh-koeln.de/wp-content/uploads/2015/02/Abschlussbericht-S.-1-237x300.png" alt="Abschlussbericht S. 1" width="256" height="324" srcset="http://maennep.web.th-koeln.de/wp-content/uploads/2015/02/Abschlussbericht-S.-1-237x300.png 237w, http://maennep.web.th-koeln.de/wp-content/uploads/2015/02/Abschlussbericht-S.-1.png 407w" sizes="auto, (max-width: 256px) 100vw, 256px" /></a>Der Abschlussbericht des Projekts „Männer zwischen Erwerbstätigkeit und Pflege“ ist unter dem Titel &#8222;Wenn Mitarbeiter Angehörige pflegen: Betriebliche Wege zum Erfolg&#8220; erschienen.<br />
Die genaue Vorgehensweise, einzelne Beschreibungen der untersuchten Betriebe und die jeweiligen Ergebnisse werden hier präsentiert.<br />
Ein Zugriff auf den Bericht ist unter folgenden Link möglich: <a href="http://www.boeckler.de/11145.htm?projekt=2012-611-4">http://www.boeckler.de/11145.htm?projekt=2012-611-4</a>.</p>
<p>Die PDF-Datei ist auch abzurufen unter: <a href="http://www.boeckler.de/pdf_fof/S-2012-611-4-2.pdf">http://www.boeckler.de/pdf_fof/S-2012-611-4-2.pdf</a>.</p>
<h3></h3>
<h3></h3>
<p>&nbsp;</p>
<h3><span style="color: #008000;"><strong>Artikel in der Zeitschrift „GENDER“ erschienen<br />
</strong></span></h3>
<p>Der Artikel von Prof. Dr. Sigrid Leitner und Marina Vukoman wurde in der Zeitschrift „GENDER: Zeitschrift für Geschlecht, Kultur und Gesellschaft“ (Jg. 7, Nr. 1, 2015) unter dem Titel „Zeit, Geld, Infrastruktur? Vereinbarkeitspolitik für pflegende Angehörige“ veröffentlicht.<br />
Der Artikel beschäftigt sich mit der Geschlechtergleichstellung im Hinblick auf die angemessene Versorgung von pflegebedürftigen Personen. Im Rahmen dessen wird analysiert, welche Angebote existieren, die Vereinbarkeit von Pflege und Beruf zu fördern und auch, welche Rolle sowohl der betrieblichen als auch staatlichen Sozialpolitik zukommt.</p>
<p>Die Zeitschrift ist im Handel erhältlich unter: <a href="http://www.budrich-journals.de/index.php/gender/article/view/18159">http://www.budrich-journals.de/index.php/gender/article/view/18159</a></p>
<p>&nbsp;</p>
<h3><span style="color: #008000;">Aufsatz &#8222;Söhne in der Angehörigenpflege – Charakteristika, Ressourcen und Unterstützungsbedarfe im betrieblichen Kontext&#8220; in &#8222;Die Arbeit des Alltags&#8220; erschienen<br />
</span></h3>
<p>Prof. Dr. Diana Auth und Mirjam Dierkes veröffentlichen erste Ergebnisse aus dem MÄNNEP-Projekt im Sammelwerk „Die Arbeit des Alltags“ (Hrsg. Uta Meier-Gräwe, 2015).<br />
Im Rahmen des Aufsatzes werden neben Zahlen zu dem Thema häuslicher Pflege auch der aktuelle Forschungsstand  über die Vereinbarkeit von Beruf und Pflege sowie über pflegende Männer vorgestellt.<br />
Im Weiteren werden erste Ergebnisse anhand einer Gegenüberstellung von zwei ausgewählten Betrieben präsentiert, um daraufhin die Betriebe und die pflegenden Söhne in den jeweiligen Arrangements zu vergleichen. Abschließend werden betriebliche und politische Unterstützungsbedarfe für erwerbstätige und pflegende Söhne auf der Basis der Ergebnisse des Projekts und der vorliegenden Forschung formuliert.<br />
Das Buch ist bereits im Handel unter dem Link <a href="http://www.springer.com/springer+vs/soziologie/gender+studies/book/978-3-658-07375-6">http://www.springer.com/springer+vs/soziologie/gender+studies/book/978-3-658-07375-6</a> erhältlich.</p>

<p>ESPAnet Tagung in Dänemark im September 2015 Im Rahmen der 13. ESPAnet Tagung in Odense (Dänemark) vom 03. bis zum 05. September 2015 wurden zwei Paper veröffentlicht: (1) &#8222;Reconciling employment and elderly care within the ´adult worker model´: typical arrangements of caring sons&#8220; (Themengebiet &#8222;Comparative research about care policies, gender and work-family relationships – theoretical [&hellip;]</p>
