{"id":156,"date":"2013-11-18T10:21:13","date_gmt":"2013-11-18T09:21:13","guid":{"rendered":"http:\/\/maennep.web.fh-koeln.de\/?page_id=156"},"modified":"2015-10-14T10:29:18","modified_gmt":"2015-10-14T08:29:18","slug":"downloads","status":"publish","type":"page","link":"https:\/\/maennep.web.th-koeln.de\/?page_id=156","title":{"rendered":"Downloads"},"content":{"rendered":"<p>Hier finden Sie projektbezogene Informationen zum Download:<\/p>\n<ul>\n<li>Projektflyer: <a href=\"http:\/\/maennep.web.fh-koeln.de\/wp-content\/uploads\/2013\/08\/Projektflyer_M\u00c4NNEP.pdf\">Projektflyer_M\u00c4NNEP<\/a><\/li>\n<li>Vortrag von Sigrid Leitner und Simone Leiber am\u00a05. November 2013 im Rahmen der Veranstaltungsreihe \u201eDen demografischen Wandel gestalten. Ein Dialog zwischen Wissenschaft, \u00d6ffentlichkeit und Praxis\u201c\u00a0 zum Thema &#8222;(Aus-)bildung, Beruf und Familie &#8211; Integration \u00fcber den Lebensverlauf&#8220;: <a href=\"http:\/\/maennep.web.fh-koeln.de\/wp-content\/uploads\/2013\/11\/Vortrag_Erwerbst\u00e4tige-zwischen-beruflichen-Anforderungen-Kindererziehung-und-Pflegeaufgaben_Was-k\u00f6nnen-die-Betriebe-tun.pdf\">Vortrag_Erwerbst\u00e4tige zwischen beruflichen Anforderungen, Kindererziehung und Pflegeaufgaben_Was k\u00f6nnen die Betriebe tun<\/a><\/li>\n<li>Poster von Simone Leiber und Daniela Br\u00fcker zum Projekt bei der &#8222;Offenen Forschungswerkstatt&#8220; am Fachbereich Sozial- und Kulturwissenschaften der FH D\u00fcsseldorf am 22. Januar 2014: <a href=\"http:\/\/maennep.web.fh-koeln.de\/wp-content\/uploads\/2014\/01\/Poster_M\u00c4NNEP.pdf\">Poster_M\u00c4NNEP<\/a><\/li>\n<li>Vortrag von Sigrid Leitner am 15. und 16. Mai 2014 im MGEPA im Rahmen des Workshops &#8222;Altern in NRW&#8220; zum Thema &#8222;Vergeschlechtlichte Sorge- und Pflegeverh\u00e4ltnisse: Sozialpolitische Herausforderungen in NRW&#8220;: <a href=\"http:\/\/maennep.web.fh-koeln.de\/wp-content\/uploads\/2013\/11\/Vortrag-Altern-in-NRW.pdf\">Vortrag Altern in NRW<\/a><\/li>\n<li>Vortrag von Mirjam Dierkes am 19.11.2014 in Frankfurt am Main bei der Impulstagung &#8222;M\u00e4nner, V\u00e4ter, Frauen \u2013Impulse f\u00fcr neue Geschlechter-und Arbeitsverh\u00e4ltnisse\u201c: <a href=\"http:\/\/maennep.web.fh-koeln.de\/wp-content\/uploads\/2013\/11\/Pr\u00e4sentation_Impulstagung_Endf.pdf\">Pr\u00e4sentation &#8222;M\u00e4nner in der Angeh\u00f6rigenpflege &#8211; Erste Tendenzen und Befunde aus einer qualitativen Studie&#8220; <\/a><\/li>\n<li>Die Betriebspr\u00e4sentation mit m\u00e4nner- und betriebsbezogenen Ergebnissen: <a href=\"http:\/\/maennep.web.fh-koeln.de\/wp-content\/uploads\/2013\/11\/Betriebspr\u00e4sentation.pdf\">Betriebspr\u00e4sentation<\/a><\/li>\n<li>Pr\u00e4sentation von Mirjam Dierkes und Dr. Diana Auth an der Justus-Liebig-Universit\u00e4t Gie\u00dfen am 23.04.2015: <a href=\"http:\/\/maennep.web.fh-koeln.de\/wp-content\/uploads\/2013\/11\/Vortrag-Uni-Gie\u00dfen.pdf\">Vortrag an der Universit\u00e4t Gie\u00dfen<\/a><\/li>\n<li>Der Abschlussbericht des M\u00c4NNEP-Projekts abrufbar unter: <a href=\"http:\/\/www.boeckler.de\/11145.htm?projekt=2012-611-4\">http:\/\/www.boeckler.de\/11145.htm?projekt=2012-611-4<\/a>. Zugriff auf die PDF-Datei: <a href=\"http:\/\/www.boeckler.de\/pdf_fof\/S-2012-611-4-2.pdf\">http:\/\/www.boeckler.de\/pdf_fof\/S-2012-611-4-2.pdf<\/a><\/li>\n<li>Pr\u00e4sentation von Prof. Dr. Simone Leiber beim GEW Seniorinnen- und Seniorentag der GEW am 23.03.2015: <a href=\"http:\/\/maennep.web.fh-koeln.de\/wp-content\/uploads\/2013\/11\/GEW-Senior_innentag-LEIBER-Schreibgesch\u00fctzt-Kompatibilit\u00e4tsmodus.pdf\">Pr\u00e4sentation GEW Senior\/innentag<\/a><\/li>\n<li>Vortrag am Institut f\u00fcr Sozialpolitik der Universit\u00e4t Warschau von Prof. Dr. Simone Leiber am 21.05.2015: <a href=\"http:\/\/maennep.web.fh-koeln.de\/wp-content\/uploads\/2013\/11\/IPS_21-5-2015.pdf\">Vortrag am Institut f\u00fcr Sozialforschung Universit\u00e4t Warschau<\/a><\/li>\n<li>Ergebnispr\u00e4sentation im Rahmen einer Tagung der Hans-B\u00f6ckler-Stiftung am 02.06.2015: <a href=\"http:\/\/maennep.web.th-koeln.de\/wp-content\/uploads\/2013\/11\/M\u00c4NNEP_Hattingen-28-05-2015-2.pdf\">Ergebnispr\u00e4sentation Hattingen<\/a><\/li>\n<li>Paper und Pr\u00e4sentationen zur ESPAnet Tagung in D\u00e4nemark vom 03.-05.09.2015: Paper <a href=\"http:\/\/maennep.web.fh-koeln.de\/wp-content\/uploads\/2015\/02\/Paper-EspaNET-Odense-9_2015-Auth-et-al-final.pdf\">(1) Occupational Social Policy, Auth et al <\/a>sowie <a href=\"http:\/\/maennep.web.fh-koeln.de\/wp-content\/uploads\/2013\/11\/2-CaringSons.pdf\">(2) Reconciling empolyment, Auth et al; <\/a>Pr\u00e4sentationen: <a href=\"http:\/\/maennep.web.fh-koeln.de\/wp-content\/uploads\/2013\/11\/1_Occupational-Social-Policy.pdf\">(1)_Occupational Social Police <\/a>und <a href=\"http:\/\/maennep.web.th-koeln.de\/wp-content\/uploads\/2013\/11\/M\u00c4NNEP_Espanet-CaringSons.pdf\">(2) Reconciling empolyment<\/a><\/li>\n<li>Pr\u00e4sentation bei der WSI-Tagung in Berlin am 17.09.2015: <a href=\"http:\/\/maennep.web.th-koeln.de\/wp-content\/uploads\/2013\/11\/M\u00c4NNEP_WSI-GleichstellungstagungLeiber.pdf\">WSI-Gleichstellungstagung<\/a><\/li>\n<\/ul>\n","protected":false},"excerpt":{"rendered":"<p>Hier finden Sie projektbezogene Informationen zum Download: Projektflyer: Projektflyer_M\u00c4NNEP Vortrag von Sigrid Leitner und Simone Leiber am\u00a05. November 2013 im Rahmen der Veranstaltungsreihe \u201eDen demografischen Wandel gestalten. Ein Dialog zwischen Wissenschaft, \u00d6ffentlichkeit und Praxis\u201c\u00a0 zum Thema &#8222;(Aus-)bildung, Beruf und Familie &#8211; Integration \u00fcber den Lebensverlauf&#8220;: Vortrag_Erwerbst\u00e4tige zwischen beruflichen Anforderungen, Kindererziehung und Pflegeaufgaben_Was k\u00f6nnen die Betriebe [&hellip;]<\/p>\n","protected":false},"author":3,"featured_media":0,"parent":0,"menu_order":70,"comment_status":"closed","ping_status":"closed","template":"","meta":{"footnotes":""},"class_list":["post-156","page","type-page","status-publish","hentry"],"_links":{"self":[{"href":"https:\/\/maennep.web.th-koeln.de\/index.php?rest_route=\/wp\/v2\/pages\/156","targetHints":{"allow":["GET"]}}],"collection":[{"href":"https:\/\/maennep.web.th-koeln.de\/index.php?rest_route=\/wp\/v2\/pages"}],"about":[{"href":"https:\/\/maennep.web.th-koeln.de\/index.php?rest_route=\/wp\/v2\/types\/page"}],"author":[{"embeddable":true,"href":"https:\/\/maennep.web.th-koeln.de\/index.php?rest_route=\/wp\/v2\/users\/3"}],"replies":[{"embeddable":true,"href":"https:\/\/maennep.web.th-koeln.de\/index.php?rest_route=%2Fwp%2Fv2%2Fcomments&post=156"}],"version-history":[{"count":22,"href":"https:\/\/maennep.web.th-koeln.de\/index.php?rest_route=\/wp\/v2\/pages\/156\/revisions"}],"predecessor-version":[{"id":388,"href":"https:\/\/maennep.web.th-koeln.de\/index.php?rest_route=\/wp\/v2\/pages\/156\/revisions\/388"}],"wp:attachment":[{"href":"https:\/\/maennep.web.th-koeln.de\/index.php?rest_route=%2Fwp%2Fv2%2Fmedia&parent=156"}],"curies":[{"name":"wp","href":"https:\/\/api.w.org\/{rel}","templated":true}]}}

<p>Hier finden Sie projektbezogene Informationen zum Download:</p>
<ul>
<li>Projektflyer: <a href="http://maennep.web.fh-koeln.de/wp-content/uploads/2013/08/Projektflyer_MÄNNEP.pdf">Projektflyer_MÄNNEP</a></li>
<li>Vortrag von Sigrid Leitner und Simone Leiber am 5. November 2013 im Rahmen der Veranstaltungsreihe „Den demografischen Wandel gestalten. Ein Dialog zwischen Wissenschaft, Öffentlichkeit und Praxis“  zum Thema &#8222;(Aus-)bildung, Beruf und Familie &#8211; Integration über den Lebensverlauf&#8220;: <a href="http://maennep.web.fh-koeln.de/wp-content/uploads/2013/11/Vortrag_Erwerbstätige-zwischen-beruflichen-Anforderungen-Kindererziehung-und-Pflegeaufgaben_Was-können-die-Betriebe-tun.pdf">Vortrag_Erwerbstätige zwischen beruflichen Anforderungen, Kindererziehung und Pflegeaufgaben_Was können die Betriebe tun</a></li>
<li>Poster von Simone Leiber und Daniela Brüker zum Projekt bei der &#8222;Offenen Forschungswerkstatt&#8220; am Fachbereich Sozial- und Kulturwissenschaften der FH Düsseldorf am 22. Januar 2014: <a href="http://maennep.web.fh-koeln.de/wp-content/uploads/2014/01/Poster_MÄNNEP.pdf">Poster_MÄNNEP</a></li>
<li>Vortrag von Sigrid Leitner am 15. und 16. Mai 2014 im MGEPA im Rahmen des Workshops &#8222;Altern in NRW&#8220; zum Thema &#8222;Vergeschlechtlichte Sorge- und Pflegeverhältnisse: Sozialpolitische Herausforderungen in NRW&#8220;: <a href="http://maennep.web.fh-koeln.de/wp-content/uploads/2013/11/Vortrag-Altern-in-NRW.pdf">Vortrag Altern in NRW</a></li>
<li>Vortrag von Mirjam Dierkes am 19.11.2014 in Frankfurt am Main bei der Impulstagung &#8222;Männer, Väter, Frauen –Impulse für neue Geschlechter-und Arbeitsverhältnisse“: <a href="http://maennep.web.fh-koeln.de/wp-content/uploads/2013/11/Präsentation_Impulstagung_Endf.pdf">Präsentation &#8222;Männer in der Angehörigenpflege &#8211; Erste Tendenzen und Befunde aus einer qualitativen Studie&#8220; </a></li>
<li>Die Betriebspräsentation mit männer- und betriebsbezogenen Ergebnissen: <a href="http://maennep.web.fh-koeln.de/wp-content/uploads/2013/11/Betriebspräsentation.pdf">Betriebspräsentation</a></li>
<li>Präsentation von Mirjam Dierkes und Dr. Diana Auth an der Justus-Liebig-Universität Gießen am 23.04.2015: <a href="http://maennep.web.fh-koeln.de/wp-content/uploads/2013/11/Vortrag-Uni-Gießen.pdf">Vortrag an der Universität Gießen</a></li>
<li>Der Abschlussbericht des MÄNNEP-Projekts abrufbar unter: <a href="http://www.boeckler.de/11145.htm?projekt=2012-611-4">http://www.boeckler.de/11145.htm?projekt=2012-611-4</a>. Zugriff auf die PDF-Datei: <a href="http://www.boeckler.de/pdf_fof/S-2012-611-4-2.pdf">http://www.boeckler.de/pdf_fof/S-2012-611-4-2.pdf</a></li>
<li>Präsentation von Prof. Dr. Simone Leiber beim GEW Seniorinnen- und Seniorentag der GEW am 23.03.2015: <a href="http://maennep.web.fh-koeln.de/wp-content/uploads/2013/11/GEW-Senior_innentag-LEIBER-Schreibgeschützt-Kompatibilitätsmodus.pdf">Präsentation GEW Senior/innentag</a></li>
<li>Vortrag am Institut für Sozialpolitik der Universität Warschau von Prof. Dr. Simone Leiber am 21.05.2015: <a href="http://maennep.web.fh-koeln.de/wp-content/uploads/2013/11/IPS_21-5-2015.pdf">Vortrag am Institut für Sozialforschung Universität Warschau</a></li>
<li>Ergebnispräsentation im Rahmen einer Tagung der Hans-Böckler-Stiftung am 02.06.2015: <a href="http://maennep.web.th-koeln.de/wp-content/uploads/2013/11/MÄNNEP_Hattingen-28-05-2015-2.pdf">Ergebnispräsentation Hattingen</a></li>
<li>Paper und Präsentationen zur ESPAnet Tagung in Dänemark vom 03.-05.09.2015: Paper <a href="http://maennep.web.fh-koeln.de/wp-content/uploads/2015/02/Paper-EspaNET-Odense-9_2015-Auth-et-al-final.pdf">(1) Occupational Social Policy, Auth et al </a>sowie <a href="http://maennep.web.fh-koeln.de/wp-content/uploads/2013/11/2-CaringSons.pdf">(2) Reconciling empolyment, Auth et al; </a>Präsentationen: <a href="http://maennep.web.fh-koeln.de/wp-content/uploads/2013/11/1_Occupational-Social-Policy.pdf">(1)_Occupational Social Police </a>und <a href="http://maennep.web.th-koeln.de/wp-content/uploads/2013/11/MÄNNEP_Espanet-CaringSons.pdf">(2) Reconciling empolyment</a></li>
<li>Präsentation bei der WSI-Tagung in Berlin am 17.09.2015: <a href="http://maennep.web.th-koeln.de/wp-content/uploads/2013/11/MÄNNEP_WSI-GleichstellungstagungLeiber.pdf">WSI-Gleichstellungstagung</a></li>
</ul>

<p>Hier finden Sie projektbezogene Informationen zum Download: Projektflyer: Projektflyer_MÄNNEP Vortrag von Sigrid Leitner und Simone Leiber am 5. November 2013 im Rahmen der Veranstaltungsreihe „Den demografischen Wandel gestalten. Ein Dialog zwischen Wissenschaft, Öffentlichkeit und Praxis“  zum Thema &#8222;(Aus-)bildung, Beruf und Familie &#8211; Integration über den Lebensverlauf&#8220;: Vortrag_Erwerbstätige zwischen beruflichen Anforderungen, Kindererziehung und Pflegeaufgaben_Was können die Betriebe [&hellip;]</p>
